{"id":2,"date":"2022-03-03T17:17:21","date_gmt":"2022-03-03T16:17:21","guid":{"rendered":"http:\/\/lmdl-led.fr\/?page_id=2"},"modified":"2022-06-28T11:19:18","modified_gmt":"2022-06-28T09:19:18","slug":"mentions-legales","status":"publish","type":"page","link":"https:\/\/lmdl-led.fr\/index.php\/mentions-legales\/","title":{"rendered":"Mentions l\u00e9gales"},"content":{"rendered":"\t\t<div data-elementor-type=\"wp-page\" data-elementor-id=\"2\" class=\"elementor elementor-2\">\n\t\t\t\t\t\t\t\t\t<section class=\"elementor-section elementor-top-section elementor-element elementor-element-3dd5757f elementor-section-full_width elementor-section-stretched elementor-section-height-default elementor-section-height-default\" data-id=\"3dd5757f\" data-element_type=\"section\" data-settings=\"{&quot;stretch_section&quot;:&quot;section-stretched&quot;,&quot;background_background&quot;:&quot;classic&quot;}\">\n\t\t\t\t\t\t<div class=\"elementor-container elementor-column-gap-default\">\n\t\t\t\t\t<div class=\"elementor-column elementor-col-100 elementor-top-column elementor-element elementor-element-3b6f925\" data-id=\"3b6f925\" data-element_type=\"column\">\n\t\t\t<div class=\"elementor-widget-wrap elementor-element-populated\">\n\t\t\t\t\t\t\t\t<div class=\"elementor-element elementor-element-69ff3db elementor-widget elementor-widget-heading\" data-id=\"69ff3db\" data-element_type=\"widget\" data-widget_type=\"heading.default\">\n\t\t\t\t<div class=\"elementor-widget-container\">\n\t\t\t<style>\/*! elementor - v3.11.5 - 14-03-2023 *\/\n.elementor-heading-title{padding:0;margin:0;line-height:1}.elementor-widget-heading .elementor-heading-title[class*=elementor-size-]>a{color:inherit;font-size:inherit;line-height:inherit}.elementor-widget-heading .elementor-heading-title.elementor-size-small{font-size:15px}.elementor-widget-heading .elementor-heading-title.elementor-size-medium{font-size:19px}.elementor-widget-heading .elementor-heading-title.elementor-size-large{font-size:29px}.elementor-widget-heading .elementor-heading-title.elementor-size-xl{font-size:39px}.elementor-widget-heading .elementor-heading-title.elementor-size-xxl{font-size:59px}<\/style><h1 class=\"elementor-heading-title elementor-size-default\">Mentions l\u00e9gales<\/h1>\t\t<\/div>\n\t\t\t\t<\/div>\n\t\t\t\t<div class=\"elementor-element elementor-element-3dab0634 elementor-widget elementor-widget-text-editor\" data-id=\"3dab0634\" data-element_type=\"widget\" data-widget_type=\"text-editor.default\">\n\t\t\t\t<div class=\"elementor-widget-container\">\n\t\t\t<style>\/*! elementor - v3.11.5 - 14-03-2023 *\/\n.elementor-widget-text-editor.elementor-drop-cap-view-stacked .elementor-drop-cap{background-color:#818a91;color:#fff}.elementor-widget-text-editor.elementor-drop-cap-view-framed .elementor-drop-cap{color:#818a91;border:3px solid;background-color:transparent}.elementor-widget-text-editor:not(.elementor-drop-cap-view-default) .elementor-drop-cap{margin-top:8px}.elementor-widget-text-editor:not(.elementor-drop-cap-view-default) .elementor-drop-cap-letter{width:1em;height:1em}.elementor-widget-text-editor .elementor-drop-cap{float:left;text-align:center;line-height:1;font-size:50px}.elementor-widget-text-editor .elementor-drop-cap-letter{display:inline-block}<\/style>\t\t\t\t<!-- wp:paragraph -->\n<p style=\"font-weight: 400;\">Entre la soci\u00e9t\u00e9 Le Marchand De Lumi\u00e8re, 19B rue Edouard Branly, 35170 Bruz, au Capital Social de 50\u00a0000\u20ac, immatricul\u00e9e au Registre du commerce et des Soci\u00e9t\u00e9s de Rennes sous le num\u00e9ro 798\u00a0958\u00a0153, SIRET 79\u00a0895\u00a0815\u00a0300\u00a0024, repr\u00e9sent\u00e9e par M. Jean-Michel BOLZER, en qualit\u00e9 de g\u00e9rant, d\u00fbment habilit\u00e9 aux fins des pr\u00e9sentes. La soci\u00e9t\u00e9 peut \u00eatre jointe par email en cliquant sur le formulaire de contact accessible via la page d\u2019accueil du site.<\/p>\n<p style=\"font-weight: 400;\">D\u2019une part, et la personne physique ou morale proc\u00e9dant \u00e0 l\u2019achat de produits ou services de la soci\u00e9t\u00e9, Ci-apr\u00e8s, \u00ab\u00a0l\u2019Acheteur\u00a0\u00bb, ou \u00ab\u00a0le Client\u00a0\u00bb d\u2019autre part, il a \u00e9t\u00e9 expos\u00e9 et convenu ce qui suit\u00a0:<\/p>\n<p style=\"font-weight: 400;\"><b><strong>Objet et dispositions g\u00e9n\u00e9rales<\/strong><\/b><\/p>\n<p style=\"font-weight: 400;\">Les pr\u00e9sentes Conditions G\u00e9n\u00e9rales de Vente (CGV) d\u00e9terminent les droits et obligations des parties dans le cadre de la vente de produits propos\u00e9s par le vendeur.<\/p>\n<p style=\"font-weight: 400;\">Les pr\u00e9sentes CGV s\u2019appliquent \u00e0 toutes les ventes de produits, effectu\u00e9s au travers du site internet de la soci\u00e9t\u00e9 qui sont partie int\u00e9grante du contrat entre l\u2019acheteur et le vendeur. Le vendeur se r\u00e9serve la possibilit\u00e9 de modifier les pr\u00e9sentes, \u00e0 tout moment par la publication d\u2019une nouvelle version sur son site internet. Les CGV applicables alors sont celles \u00e9tant en vigueur \u00e0 la date du paiement (ou premier paiement) de la commande. Ces CGV sont consultables sur le site Internet de la soci\u00e9t\u00e9 \u00e0 l\u2019adresse suivante\u00a0:\u00a0<a href=\"http:\/\/www.le-marchand-de-lumiere.fr\/\" target=\"_blank\" rel=\"noopener\">www.le-marchand-de-lumiere.fr<\/a>. La soci\u00e9t\u00e9 s\u2019assure \u00e9galement que leur acceptation soit claire et sans r\u00e9serve en mettant en place une case \u00e0 cocher et un clic de validation. Le client d\u00e9clare avoir pris connaissance de l\u2019ensemble des pr\u00e9sentes Conditions G\u00e9n\u00e9rales de Vente, et le cas \u00e9ch\u00e9ant des conditions particuli\u00e8res de vente li\u00e9es \u00e0 un produit ou \u00e0 un service, et les accepter sans restriction ni r\u00e9serve. Le client reconna\u00eet qu\u2019il a b\u00e9n\u00e9fici\u00e9 des conseils et informations n\u00e9cessaires afin de s\u2019assurer de l\u2019ad\u00e9quation de l\u2019offre \u00e0 ses besoins. Le client d\u00e9clare \u00eatre en mesure de contacter l\u00e9galement en vertu des lois fran\u00e7aises ou valablement repr\u00e9senter la personne physique ou morale pour laquelle il s\u2019engage. Sauf preuve contraire les informations enregistr\u00e9es par la soci\u00e9t\u00e9 constituent la preuve de l\u2019ensemble des transactions.<\/p>\n<p style=\"font-weight: 400;\"><b><strong>PRIX<\/strong><\/b><\/p>\n<p style=\"font-weight: 400;\">Les prix des produits vendus au travers du site internet sont indiqu\u00e9s en Euro hors taxes et pr\u00e9cis\u00e9ment d\u00e9termin\u00e9s sur les pages de descriptifs des Produits. Ils sont \u00e9galement indiqu\u00e9s en euros toutes taxes comprise sur la page de commande des produits, et hors frais sp\u00e9cifique d\u2019exp\u00e9dition. Pour tous les produits exp\u00e9di\u00e9s hors UE, le prix est calcul\u00e9 hors taxes automatiquement sur la facture. Des droits de douane ou autres taxes locales ou droits d\u2019importation ou taxes d\u2019\u00e9tat sont susceptibles d\u2019\u00eatre exigibles dans certains cas. Ces droits et sommes ne rel\u00e8vent pas du ressort de vendeur. Ils seront \u00e0 la charge de l\u2019acheteur et rel\u00e8vent de sa responsabilit\u00e9. Le vendeur invite \u00e0 ce titre l\u2019acheteur \u00e0 se renseigner sur ces aspects aupr\u00e8s des autorit\u00e9s locales correspondantes. La soci\u00e9t\u00e9 se r\u00e9serve la possibilit\u00e9 de modifier ses prix \u00e0 tout moment pour l\u2019avenir. Les frais de t\u00e9l\u00e9communication n\u00e9cessaires \u00e0 l\u2019acc\u00e8s aux sites internet de la soci\u00e9t\u00e9 sont \u00e0 la charge du client. Le cas \u00e9ch\u00e9ant \u00e9galement, les frais de livraison.<\/p>\n<p style=\"font-weight: 400;\"><b><strong>CONCLUSION DU CONTRAT EN LIGNE<\/strong><\/b><\/p>\n<p style=\"font-weight: 400;\">Le client devra suivre une s\u00e9rie d\u2019\u00e9tapes sp\u00e9cifiques \u00e0 chaque produit offert par le vendeur pour pouvoir r\u00e9aliser sa commande. Toutefois, les \u00e9tapes d\u00e9crites ci-apr\u00e8s sont syst\u00e9matiques\u00a0:\u00a0\u00e0\u00a0Information sur les caract\u00e9ristiques essentielles du produit\u00a0;\u00a0\u00e0\u00a0Choix du produit, le cas \u00e9ch\u00e9ant de ses options et indication des donn\u00e9es essentielles du client (identification, adresse\u2026)\u00a0;\u00a0\u00e0\u00a0Acceptation des pr\u00e9sentes Conditions G\u00e9n\u00e9rales de Vente\u00a0;\u00a0\u00e0\u00a0V\u00e9rification des \u00e9l\u00e9ments de la commande et, le cas \u00e9ch\u00e9ant, correction\u00a0 des erreurs\u00a0;\u00a0\u00e0\u00a0Suivi des instructions pour le paiement, et paiement des produits\u00a0;\u00a0\u00e0\u00a0Livraison des produits. Le client recevra alors confirmation par courrier \u00e9lectronique du paiement de la commande, ainsi qu\u2019un accus\u00e9 de r\u00e9ception de la commande la confirmant. Il recevra un exemplaire .pdf des pr\u00e9sentes conditions g\u00e9n\u00e9rales de vente. Pour les produits livr\u00e9s, cette livraison se fera \u00e0 l\u2019adresse indiqu\u00e9e par le client. Aux fins de bonne r\u00e9alisation de la commande, et conform\u00e9ment \u00e0 l\u2019article 1316-1 du Code civil, le client s\u2019engage \u00e0 fournir ses \u00e9l\u00e9ments d\u2019identification v\u00e9ridiques. Le vendeur se r\u00e9serve la possibilit\u00e9 de refuser la commande, par exemple pour toute demande anormale, r\u00e9alis\u00e9e de mauvaise foi ou pour tout motif l\u00e9gitime.<\/p>\n<p style=\"font-weight: 400;\"><b><strong>PRODUITS ET SERVICES<\/strong><\/b><\/p>\n<p style=\"font-weight: 400;\">Les caract\u00e9ristiques essentielles des biens, des services et leurs prix respectifs sont mis \u00e0 disposition de l\u2019acheteur sur les sites internet de la soci\u00e9t\u00e9. Le client atteste avoir re\u00e7u un d\u00e9tail des frais de livraison ainsi que les modalit\u00e9s de paiement, de livraison et d\u2019ex\u00e9cution du contrat. Le vendeur s\u2019engage \u00e0 honorer la commande du client dans la limite des stocks disponibles uniquement. A d\u00e9faut, le vendeur en informe le client. Ces informations contractuelles sont pr\u00e9sent\u00e9es en d\u00e9tail et en langue fran\u00e7aises. Conform\u00e9ment \u00e0 la loi fran\u00e7aises, elles font l\u2019objet d\u2019un r\u00e9capitulatif et d\u2019une confirmation lors de la validation de la commande. Les parties conviennent que les illustrations ou photos des produits offerts \u00e0 la vente n\u2019ont pas de valeur contractuelle. La dur\u00e9e de validit\u00e9 de l\u2019offre des produits ainsi que leurs prix sont pr\u00e9cis\u00e9e sur le site internet de la soci\u00e9t\u00e9, ainsi que la dur\u00e9e minimale des contrats propos\u00e9s lorsque ceux-ci portent sur une fourniture continue ou p\u00e9riodique de produits ou services. Sauf conditions particuli\u00e8res, les droits conc\u00e9d\u00e9s au titre des pr\u00e9sentes le sont uniquement \u00e0 la personne physique signataire de la commande (ou la personne titulaire de l\u2019adresse email communiqu\u00e9s). Conform\u00e9ment aux dispositions l\u00e9gales en mati\u00e8re de conformit\u00e9 et de vices cach\u00e9s, le vendeur rembourse ou \u00e9change les produits d\u00e9fectueux ou ne correspondant pas \u00e0 la commande.<\/p>\n<p style=\"font-weight: 400;\"><b><strong>Clause de r\u00e9serve de propri\u00e9t\u00e9<\/strong><\/b><\/p>\n<p style=\"font-weight: 400;\">Les produits demeurent la propri\u00e9t\u00e9 de la soci\u00e9t\u00e9 jusqu\u2019au complet paiement du prix.<\/p>\n<p style=\"font-weight: 400;\"><b><strong>Modalit\u00e9s de livraison<\/strong><\/b><\/p>\n<p style=\"font-weight: 400;\">Les produits sont livr\u00e9s \u00e0 l\u2019adresse de livraison qui a \u00e9t\u00e9 indiqu\u00e9e lors de la commande et le d\u00e9lai indiqu\u00e9. Ce d\u00e9lai ne prend pas en compte le d\u00e9lai de pr\u00e9paration de la commande. En cas de retard de livraison, le client dispose de la possibilit\u00e9 de r\u00e9soudre le contrat dans les conditions et modalit\u00e9s d\u00e9finis par l\u2019article L 182-2 du code la consommation. Le vendeur proc\u00e8de alors au remboursement du produit et aux frais \u00ab\u00a0aller\u00a0\u00bb dans les conditions de l\u2019article L138-3 du code de la consommation. Le vendeur met \u00e0 disposition un point de contact t\u00e9l\u00e9phonique (co\u00fbt de communication locale \u00e0 partir d\u2019un poste fixe) indiqu\u00e9 dans l\u2019email de confirmation de commande afin d\u2019assurer le suivi de la commande. Le vendeur rappelle qu\u2019au moment o\u00f9 le client prend possession physiquement des produits, les risques de perte ou d\u2019endommagement des produits lui sont transf\u00e9r\u00e9s. Il appartient au client de notifier au transporteur toute r\u00e9serves sur le produit livr\u00e9. Tous les envois seront effectu\u00e9s franco de port et d\u2019emballage \u00e0 partir de 150\u20ac HT de commande hors colis sp\u00e9ciaux. Toute commande inf\u00e9rieure \u00e0 150\u20ac HT sera assujettie \u00e0 20\u20ac HT de frais de port, hors colis sp\u00e9ciaux. Les colis sp\u00e9ciaux sont les colis de dimensions sup\u00e9rieur \u00e0 2 m\u00e8tres lin\u00e9aire et\/ou sup\u00e9rieur \u00e0 1 m\u00e8tre cube et\/ou sup\u00e9rieur \u00e0 30kg. Pour les produits sp\u00e9ciaux les frais de port seront \u00e9tablis par devis.<\/p>\n<p style=\"font-weight: 400;\"><b><strong>Disponibilit\u00e9 et pr\u00e9sentation<\/strong><\/b><\/p>\n<p style=\"font-weight: 400;\">Les commandes seront trait\u00e9es dans la limite de nos stocks disponibles ou sous r\u00e9serve des stocks disponible chez nos fournisseurs. En cas d\u2019indisponibilit\u00e9 d\u2019un article pour une p\u00e9riode sup\u00e9rieur \u00e0 60 jours ouvrables, vous serez imm\u00e9diatement pr\u00e9venu des d\u00e9lais pr\u00e9visibles de livraison et la commande de cet article pourra \u00eatre annul\u00e9e sur simple demande. Le client pourra alors demander un avoir pour le montant de l\u2019article ou son remboursement.<\/p>\n<p style=\"font-weight: 400;\"><b><strong>Paiement<\/strong><\/b><\/p>\n<p style=\"font-weight: 400;\">Le paiement est exigible imm\u00e9diatement \u00e0 la commande, y compris pour les produits en pr\u00e9commande. Le client peut effectuer le r\u00e8glement par carte de paiement. Les cartes \u00e9mises par des banques domicili\u00e9es hors France doivent obligatoirement \u00eatre des cartes bancaires internationales (Mastercard ou Visa). Le paiement s\u00e9curis\u00e9 en ligne par carte bancaire est r\u00e9alis\u00e9 par notre prestataire de paiement. Une fois le paiement lanc\u00e9 par le client, la transaction est imm\u00e9diatement d\u00e9bit\u00e9e apr\u00e8s v\u00e9rification des informations. Conform\u00e9ment \u00e0 l\u2019article L 132-2 du code mon\u00e9taire et financier, l\u2019engagement de payer donn\u00e9 par carte est irr\u00e9vocable. En communiquant ses informations bancaires lors de la vente, le client autorise le vendeur \u00e0 d\u00e9biter sa carte du montant relatif au prix indiqu\u00e9. Le client confirme qu\u2019il est bien le titulaire l\u00e9gal de la carte \u00e0 d\u00e9biter et qu\u2019il est l\u00e9galement en droit d\u2019en faire usage. En cas d\u2019erreur, ou d\u2019impossibilit\u00e9 de d\u00e9biter la carte, la vente est imm\u00e9diatement r\u00e9solue de plein droit et la commande annul\u00e9e.<\/p>\n<p style=\"font-weight: 400;\"><b><strong>DELAI DE RETRACTATION<\/strong><\/b><\/p>\n<p style=\"font-weight: 400;\">Conform\u00e9ment \u00e0 l\u2019article L121-20 du code de la consommation, \u00ab\u00a0le consommateur dispose d\u2019un d\u00e9lai de quatorze jours francs pour exercer son droit de r\u00e9tractation sans avoir \u00e0 justifier de motifs ni \u00e0 payer de p\u00e9nalit\u00e9s, \u00e0 l\u2019exception, le cas \u00e9ch\u00e9ant, des frais de retour\u00a0\u00bb. \u00ab\u00a0Le d\u00e9lai mentionn\u00e9 \u00e0 l\u2019alin\u00e9a pr\u00e9c\u00e9dent court \u00e0 compter de la r\u00e9ception pour les biens ou de l\u2019acceptation de l\u2019offre pour les prestations de services\u00a0\u00bb. Le droit de r\u00e9tractation peut \u00eatre exerc\u00e9 en contactant la soci\u00e9t\u00e9 par mail \u00e0 \u00a0<a href=\"mailto:contact@marchand-lumiere.fr\">contact@marchand-lumiere.fr<\/a>\u00a0. Nous informons les clients que conform\u00e9ment \u00e0 l\u2019article L121-20-2 du code de la consommation, ce droit de r\u00e9tractation ne peut \u00eatre exerc\u00e9 pour les produits sur-mesure. En cas d\u2019exercice du droit de r\u00e9tractation dans le d\u00e9lai susmentionn\u00e9, seul le prix du ou des produits achet\u00e9s et les frais d\u2019envoi seront rembours\u00e9s, les frais de retour restent \u00e0 la charge du client. Les retours des produits sont \u00e0 effectuer dans leur \u00e9tat d\u2019origine et complets (emballage, accessoires, notice\u2026) de sorte qu\u2019ils puissent \u00eatre recommercialis\u00e9s \u00e0 l\u2019\u00e9tat neuf\u00a0; ils doivent si possible \u00eatre accompagn\u00e9s d\u2019une copie du justificatif d\u2019achat. Conform\u00e9ment aux dispositions l\u00e9gales, vous trouverez ci-apr\u00e8s le formulaire-type de r\u00e9tractation \u00e0 nous adresser \u00e0 l\u2019adresse suivante\u00a0: LE MARCHAND DE LUMIERE\u00a0<b><strong>19B rue Edouard Branly, 35170 BRUZ.<\/strong><\/b><\/p>\n<p style=\"font-weight: 400;\"><b><strong>GARANTIES<\/strong><\/b><\/p>\n<p style=\"font-weight: 400;\">Conform\u00e9ment \u00e0 la loi, le vendeur assume deux garanties\u00a0: de conformit\u00e9 et relative aux vices cach\u00e9s des produits. Le vendeur rembourse l\u2019acheteur ou \u00e9change les produits apparemment d\u00e9fectueux ou ne correspondant pas \u00e0 la commande effectu\u00e9e. La demande de remboursement doit s\u2019effectuer par mail \u00e0\u00a0<a href=\"mailto:contact@marchand-lumiere.fr\">contact@marchand-lumiere.fr<\/a>\u00a0. Le vendeur rappelle que le consommateur\u00a0: &#8211; dispose d\u2019un d\u00e9lai de 2 ans \u00e0 compter de la d\u00e9livrance du bien pour agir apr\u00e8s du vendeur \u2013 qu\u2019il peut choisir entre le remplacement et la r\u00e9paration du bien sous r\u00e9serve des conditions pr\u00e9vues par l\u2019art. apparemment d\u00e9fectueux ou ne correspondant \u2013 qu\u2019il est dispens\u00e9 d\u2019apporter la preuve l\u2019existence du d\u00e9faut de conformit\u00e9 du bien durant les six mois suivant la d\u00e9livrance du bien. \u2013 que, sauf biens d\u2019occasion, ce d\u00e9lai sera port\u00e9 \u00e0 24 mois \u00e0 compter du 18 mars 2016 \u2013 que le consommateur peut \u00e9galement faire valoir la garantie contre les vices cach\u00e9s de la chose vendue au sens de l\u2019article 1641 du code civil et, dans cette hypoth\u00e8se, il peut choisir entre la r\u00e9solution de la vente ou une r\u00e9duction du prix de vente (Art 1644).<\/p>\n<p style=\"font-weight: 400;\"><b><strong>RECLAMATIONS<\/strong><\/b><\/p>\n<p style=\"font-weight: 400;\">Le cas \u00e9ch\u00e9ant, l\u2019acheteur peut pr\u00e9senter toute r\u00e9clamation en contactant la soci\u00e9t\u00e9 par mail \u00e0\u00a0: \u00a0<a href=\"mailto:contact@marchand-lumi%C3%A8re.fr\">contact@marchand-lumi\u00e8re.fr<\/a><\/p>\n<p style=\"font-weight: 400;\"><b><strong>DROITS DE PROPRIETE INTELECTUELLE<\/strong><\/b><\/p>\n<p style=\"font-weight: 400;\">Les marques, noms de domaines, produits, logiciels, images, vid\u00e9os, textes ou plus g\u00e9n\u00e9ralement toute information objet de droits de propri\u00e9t\u00e9 intellectuelle sont et restent la propri\u00e9t\u00e9 exclusive du vendeur. Aucune cession de droits de propri\u00e9t\u00e9 intellectuelle n\u2019est r\u00e9alis\u00e9e au travers des pr\u00e9sentes CGV. Toute reproduction totale ou partielle, modification ou utilisation de ces biens pour quelque motif que ce soit est strictement interdite.<\/p>\n<p style=\"font-weight: 400;\"><b><strong>FORCE MAJEURE<\/strong><\/b><\/p>\n<p style=\"font-weight: 400;\">L\u2019ex\u00e9cution des obligations du vendeur au terme des pr\u00e9sentes est suspendue en cas de survenance d\u2019un cas fortuit ou de force majeure qui en emp\u00eacherait l\u2019ex\u00e9cution. Le vendeur avisera le client de la survenance d\u2019un tel \u00e9v\u00e8nement d\u00e8s que possible.<\/p>\n<p style=\"font-weight: 400;\"><b><strong>NULLITE ET MODIFICATION DU CONTRAT<\/strong><\/b><\/p>\n<p style=\"font-weight: 400;\">Si l\u2019une des stipulations du pr\u00e9sent contrat \u00e9tait annul\u00e9e, cette nullit\u00e9 n\u2019entra\u00eenerait pas la nullit\u00e9 des autres stipulations qui demeureront en vigueur entre les parties. Toute modification contractuelle n\u2019est valable qu\u2019apr\u00e8s un accord \u00e9crit et sign\u00e9 des parties.<\/p>\n<p style=\"font-weight: 400;\"><b><strong>PROTECTION DES DONNEES PERSONNELLES<\/strong><\/b><\/p>\n<p style=\"font-weight: 400;\">Conform\u00e9ment \u00e0 la loi informatique et libert\u00e9s du 6 janvier 1978, vous disposez des droits d\u2019interrogation, d\u2019acc\u00e8s, de modification, d\u2019opposition et de rectification sur les donn\u00e9es personnelles vous concernant. En adh\u00e9rant \u00e0 ces conditions g\u00e9n\u00e9rales de vente, vous consentez \u00e0 ce que nous collections et utilisions ces donn\u00e9es pour la r\u00e9alisation du pr\u00e9sent contrat. En saisissant votre adresse email sur l\u2019un des sites de notre r\u00e9seau, vous recevrez des emails contenant des informations et des offres promotionnelles concernant des produits \u00e9dit\u00e9s par la soci\u00e9t\u00e9 et ses partenaires. Vous pouvez vous d\u00e9sinscrire \u00e0 tout instant. Il vous suffit pour cela de cliquer sur le lien pr\u00e9sent \u00e0 la fin de nos emails ou de contacter le responsable du traitement par lettre RAR. Nous effectuons sur l\u2019ensemble de nos sites un suivi de la fr\u00e9quentation.<\/p>\n<p style=\"font-weight: 400;\"><b><strong>DEEE- DECHETS ISSUS DES EQUIPEMENTS ELECTRIQUES ET ELECTRONIQUE<\/strong><\/b><\/p>\n<p style=\"font-weight: 400;\">Par l\u2019application de l\u2019article 18 du d\u00e9cret n\u00b02005-839 du 20 juillet 2005 relatif \u00e0 l\u2019\u00e9limination des DEEE, les co\u00fbts et organisation de l\u2019enl\u00e8vement et du traitement de ces d\u00e9chets sont transf\u00e9r\u00e9s \u00e0 l\u2019acheteur qui les accepte. Il appartient aux acheteurs professionnels successifs de transmettre les obligations susvis\u00e9es jusqu\u2019\u00e0 l\u2019utilisateur final. Une \u00e9co-contribution sera support\u00e9e par l\u2019acheteur\u00a0 pour le traitement des produits concern\u00e9s.<\/p>\n<p style=\"font-weight: 400;\"><b><strong>DROIT APPLICABLE<\/strong><\/b><\/p>\n<p style=\"font-weight: 400;\">Toutes les clauses figurant dans les pr\u00e9sentes conditions g\u00e9n\u00e9rales de vente, ainsi que toutes les op\u00e9rations d\u2019achat et de vente qui y sont vis\u00e9es, seront soumises au droit fran\u00e7ais.<\/p>\n<!-- \/wp:paragraph -->\t\t\t\t\t\t<\/div>\n\t\t\t\t<\/div>\n\t\t\t\t\t<\/div>\n\t\t<\/div>\n\t\t\t\t\t\t\t<\/div>\n\t\t<\/section>\n\t\t\t\t\t\t\t<\/div>\n\t\t","protected":false},"excerpt":{"rendered":"<p>Mentions l\u00e9gales Entre la soci\u00e9t\u00e9 Le Marchand De Lumi\u00e8re, 19B rue Edouard Branly, 35170 Bruz, au Capital Social de 50\u00a0000\u20ac, immatricul\u00e9e au Registre du commerce et des Soci\u00e9t\u00e9s de Rennes sous le num\u00e9ro 798\u00a0958\u00a0153, SIRET 79\u00a0895\u00a0815\u00a0300\u00a0024, repr\u00e9sent\u00e9e par M. Jean-Michel BOLZER, en qualit\u00e9 de g\u00e9rant, d\u00fbment habilit\u00e9 aux fins des pr\u00e9sentes. La soci\u00e9t\u00e9 peut \u00eatre &hellip;<\/p>\n<p class=\"read-more\"> <a class=\"\" href=\"https:\/\/lmdl-led.fr\/index.php\/mentions-legales\/\"> <span class=\"screen-reader-text\">Mentions l\u00e9gales<\/span> Lire la suite\u00a0\u00bb<\/a><\/p>\n","protected":false},"author":1,"featured_media":0,"parent":0,"menu_order":0,"comment_status":"closed","ping_status":"open","template":"","meta":{"site-sidebar-layout":"no-sidebar","site-content-layout":"page-builder","ast-global-header-display":"","ast-main-header-display":"","ast-hfb-above-header-display":"","ast-hfb-below-header-display":"","ast-hfb-mobile-header-display":"","site-post-title":"disabled","ast-breadcrumbs-content":"","ast-featured-img":"disabled","footer-sml-layout":"","theme-transparent-header-meta":"","adv-header-id-meta":"","stick-header-meta":"","header-above-stick-meta":"","header-main-stick-meta":"","header-below-stick-meta":"","footnotes":""},"class_list":["post-2","page","type-page","status-publish","hentry"],"_links":{"self":[{"href":"https:\/\/lmdl-led.fr\/index.php\/wp-json\/wp\/v2\/pages\/2","targetHints":{"allow":["GET"]}}],"collection":[{"href":"https:\/\/lmdl-led.fr\/index.php\/wp-json\/wp\/v2\/pages"}],"about":[{"href":"https:\/\/lmdl-led.fr\/index.php\/wp-json\/wp\/v2\/types\/page"}],"author":[{"embeddable":true,"href":"https:\/\/lmdl-led.fr\/index.php\/wp-json\/wp\/v2\/users\/1"}],"replies":[{"embeddable":true,"href":"https:\/\/lmdl-led.fr\/index.php\/wp-json\/wp\/v2\/comments?post=2"}],"version-history":[{"count":16,"href":"https:\/\/lmdl-led.fr\/index.php\/wp-json\/wp\/v2\/pages\/2\/revisions"}],"predecessor-version":[{"id":2150,"href":"https:\/\/lmdl-led.fr\/index.php\/wp-json\/wp\/v2\/pages\/2\/revisions\/2150"}],"wp:attachment":[{"href":"https:\/\/lmdl-led.fr\/index.php\/wp-json\/wp\/v2\/media?parent=2"}],"curies":[{"name":"wp","href":"https:\/\/api.w.org\/{rel}","templated":true}]}}